{"id":3,"date":"2025-02-01T12:01:43","date_gmt":"2025-02-01T12:01:43","guid":{"rendered":"https:\/\/www.eclidea.fr\/?page_id=3"},"modified":"2025-03-08T17:34:13","modified_gmt":"2025-03-08T16:34:13","slug":"credits-mentions-legales","status":"publish","type":"page","link":"https:\/\/www.eclidea.fr\/?page_id=3","title":{"rendered":"Cr\u00e9dits &amp; Mentions l\u00e9gales"},"content":{"rendered":"\n<p class=\"has-small-font-size\">Conform\u00e9ment aux dispositions de la loi n\u00b02004-575 du 21 juin 2004 pour la Confiance en l\u2019\u00e9conomie num\u00e9rique, les pr\u00e9sentes mentions l\u00e9gales sont port\u00e9es \u00e0 la connaissance des utilisateurs et visiteurs.<\/p>\n\n\n\n<p class=\"has-small-font-size\">La connexion et la navigation sur le site implique acceptation int\u00e9grale et sans r\u00e9serve des pr\u00e9sentes mentions l\u00e9gales.<\/p>\n\n\n\n<div class=\"wp-block-group is-style-section-1 has-global-padding is-layout-constrained wp-container-core-group-is-layout-c385debf wp-block-group-is-layout-constrained is-style-section-1--1\" style=\"padding-top:var(--wp--preset--spacing--20);padding-right:var(--wp--preset--spacing--20);padding-bottom:var(--wp--preset--spacing--20);padding-left:var(--wp--preset--spacing--20)\">\n<h2 class=\"wp-block-heading\" style=\"margin-top:0\">Informations l\u00e9gales<\/h2>\n\n\n\n<p class=\"has-small-font-size\">La soci\u00e9t\u00e9 Eclid\u00e9a \u00e9dite le site www.eclidea.fr.<br>ECLIDEA est une SASU au capital de 5000 euros, immatricul\u00e9e au RCS de Versailles. Le num\u00e9ro de siret est 85392732500011.<br>Son si\u00e8ge social se situe au 3, rue des Coteaux \u00e0 Croissy-sur-Seine.<br>Contact : contact@eclidea.fr<br>Repr\u00e9sent\u00e9e par sa pr\u00e9sidente, Carine MORIN-BATUT<\/p>\n\n\n\n<p class=\"has-small-font-size\">Conception &amp; R\u00e9alisation : Eclid\u00e9a<\/p>\n\n\n\n<p class=\"has-small-font-size\">H\u00e9bergement du site : OVH SAS &#8211; 2 rue Kellermann &#8211; 59 100 Roubaix &#8211; France<\/p>\n<\/div>\n\n\n\n<div class=\"wp-block-group is-style-default has-base-background-color has-background has-global-padding is-layout-constrained wp-container-core-group-is-layout-1131737d wp-block-group-is-layout-constrained\" style=\"margin-top:0;margin-bottom:0;padding-top:var(--wp--preset--spacing--20);padding-right:var(--wp--preset--spacing--20);padding-bottom:var(--wp--preset--spacing--20);padding-left:var(--wp--preset--spacing--20)\">\n<h2 class=\"wp-block-heading\" style=\"margin-top:0\">Contenu du site<\/h2>\n\n\n\n<p class=\"has-small-font-size\">Ce site a pour objectif d\u2019informer toute personne int\u00e9ress\u00e9e par les activit\u00e9s de la soci\u00e9t\u00e9 Eclid\u00e9a.<\/p>\n\n\n\n<p class=\"has-small-font-size\">Eclidea n\u2019exerce aucun contr\u00f4le sur les contenus des sites ou des m\u00e9dias qu\u2019elle pr\u00e9sente mais qu\u2019elle n\u2019\u00e9dite pas. Elle d\u00e9cline toute responsabilit\u00e9 notamment s\u2019agissant de leur contenu.<\/p>\n\n\n\n<p class=\"has-small-font-size\">Ce site est une cr\u00e9ation intellectuelle originale si bien qu&rsquo;il entre dans le champ de protection du droit d\u2019auteur. Son contenu est \u00e9galement prot\u00e9g\u00e9 par des droits de propri\u00e9t\u00e9 intellectuelle et\/ou industrielle. Toute personne qui portera atteinte aux droits de propri\u00e9t\u00e9 intellectuelle attach\u00e9s aux diff\u00e9rents objets de ce site internet, se rend coupable du d\u00e9lit de contrefa\u00e7on. Elle est ainsi passible des sanctions p\u00e9nales pr\u00e9vues par la loi.<\/p>\n<\/div>\n\n\n\n<div class=\"wp-block-group is-style-section-1 has-global-padding is-layout-constrained wp-container-core-group-is-layout-1131737d wp-block-group-is-layout-constrained is-style-section-1--2\" style=\"margin-top:0;margin-bottom:0;padding-top:var(--wp--preset--spacing--20);padding-right:var(--wp--preset--spacing--20);padding-bottom:var(--wp--preset--spacing--20);padding-left:var(--wp--preset--spacing--20)\">\n<h2 class=\"wp-block-heading\" style=\"margin-top:0\">Sources et cr\u00e9dits<\/h2>\n\n\n\n<p class=\"has-small-font-size\"><em>Cr\u00e9dit: T<\/em>ous les dessins pr\u00e9sents sur le site sont cr\u00e9dit\u00e9s @CarineMORINBATUT<\/p>\n\n\n\n<p class=\"has-small-font-size\"><em>Sources :<\/em> Tous les \u00e9l\u00e9ments du site faisant r\u00e9f\u00e9rence aux principes du vivant sont directement issus ou adapt\u00e9s du Jeu des Principes du Vivant.<br><a href=\"https:\/\/larobustesse.org\/?LeJeuDesPrincipesDuVivant\"><em>https:\/\/larobustesse.org\/?LeJeuDesPrincipesDuVivant<\/em><\/a><\/p>\n<\/div>\n\n\n\n<div class=\"wp-block-group has-base-background-color has-background has-global-padding is-layout-constrained wp-container-core-group-is-layout-1131737d wp-block-group-is-layout-constrained\" style=\"margin-top:0;margin-bottom:0;padding-top:var(--wp--preset--spacing--20);padding-right:var(--wp--preset--spacing--20);padding-bottom:var(--wp--preset--spacing--20);padding-left:var(--wp--preset--spacing--20)\">\n<h2 class=\"wp-block-heading\" style=\"margin-top:0;margin-bottom:0\">Qu&rsquo;est -ce qu&rsquo;un cookie ?<\/h2>\n\n\n\n<p class=\"has-small-font-size\">En plus d\u2019\u00eatre le pr\u00e9nom de la meilleure copine de mon chien le cookie, en informatique, est l\u2019\u00e9quivalent d\u2019un fichier texte stock\u00e9 sur le terminal de l\u2019internaute (ordinateur, tablette, smartphone).<\/p>\n\n\n\n<p class=\"has-small-font-size\">Les cookies utilis\u00e9s par le site eclidea.fr permettent d&rsquo;\u00e9tablir des mesures statistiques de fr\u00e9quentation et d\u2019utilisation du site. Cela permet d&rsquo;en am\u00e9liorer l\u2019usage, les parcours et les fonctionnalit\u00e9s propos\u00e9s. Le site peut collecter automatiquement des informations standards. En naviguant sur le site vous acceptez leur utilisation.<\/p>\n\n\n\n<p class=\"has-small-font-size\">Les informations collect\u00e9es seront utilis\u00e9es exclusivement pour suivre le volume, le type et la configuration du trafic utilisant ce site.<\/p>\n<\/div>\n\n\n\n<div class=\"wp-block-group is-style-section-1 has-accent-5-background-color has-background has-global-padding is-layout-constrained wp-container-core-group-is-layout-1131737d wp-block-group-is-layout-constrained is-style-section-1--3\" style=\"margin-top:0;margin-bottom:0;padding-top:var(--wp--preset--spacing--20);padding-right:var(--wp--preset--spacing--20);padding-bottom:var(--wp--preset--spacing--20);padding-left:var(--wp--preset--spacing--20)\">\n<h2 class=\"wp-block-heading\" style=\"margin-top:var(--wp--preset--spacing--20);margin-bottom:0\">Que fait Eclid\u00e9a de vos donn\u00e9es ?<\/h2>\n\n\n\n<p class=\"has-small-font-size\">Vos donn\u00e9es, essentiellement votre e-mail si vous choisissez de laisser un t\u00e9moignage, permettront \u00e0 Eclid\u00e9a de pouvoir entrer en contact avec vous concernant ce t\u00e9moignage.<\/p>\n\n\n\n<p class=\"has-small-font-size\">Nous ne communiquerons JAMAIS vos donn\u00e9es \u00e0 des tiers.<\/p>\n\n\n\n<p class=\"has-small-font-size\">Vous pouvez \u00e0 tout moment changer d\u2019avis et faire rectifier, supprimer ou vous opposer \u00e0 certains traitements de vos donn\u00e9es par un simple mail adresser \u00e0 contact@eclidea.fr.<\/p>\n<\/div>\n\n\n\n<div class=\"wp-block-group has-base-background-color has-background has-global-padding is-layout-constrained wp-container-core-group-is-layout-1131737d wp-block-group-is-layout-constrained\" style=\"margin-top:0;margin-bottom:0;padding-top:var(--wp--preset--spacing--20);padding-right:var(--wp--preset--spacing--20);padding-bottom:var(--wp--preset--spacing--20);padding-left:var(--wp--preset--spacing--20)\">\n<h2 class=\"wp-block-heading\">Nous contacter<\/h2>\n\n\n\n<p class=\"has-small-font-size\">Eclid\u00e9a est joignable \u00e0 l&rsquo;adresse email contact@eclidea.fr et au 06 66 32 78 17.<\/p>\n\n\n\n<p class=\"has-small-font-size\">.<\/p>\n<\/div>\n","protected":false},"excerpt":{"rendered":"<p>Conform\u00e9ment aux dispositions de la loi n\u00b02004-575 du 21 juin 2004 pour la Confiance en l\u2019\u00e9conomie num\u00e9rique, les pr\u00e9sentes mentions l\u00e9gales sont port\u00e9es \u00e0 la connaissance des utilisateurs et visiteurs. La connexion et la navigation sur le site implique acceptation int\u00e9grale et sans r\u00e9serve des pr\u00e9sentes mentions l\u00e9gales. Informations l\u00e9gales La soci\u00e9t\u00e9 Eclid\u00e9a \u00e9dite le [&hellip;]<\/p>\n","protected":false},"author":1,"featured_media":0,"parent":0,"menu_order":0,"comment_status":"closed","ping_status":"open","template":"","meta":{"footnotes":""},"class_list":["post-3","page","type-page","status-publish","hentry"],"yoast_head":"<!-- This site is optimized with the Yoast SEO plugin v27.4 - https:\/\/yoast.com\/product\/yoast-seo-wordpress\/ -->\n<title>Cr\u00e9dits &amp; Mentions l\u00e9gales - Eclidea<\/title>\n<meta name=\"description\" content=\"Cr\u00e9dits &amp; Mentions l\u00e9gales : informations l\u00e9gales, contenu du site, cookies, utilisation de vos donn\u00e9es, pour nous contacter...\" \/>\n<meta name=\"robots\" content=\"index, follow, max-snippet:-1, max-image-preview:large, max-video-preview:-1\" \/>\n<link rel=\"canonical\" href=\"https:\/\/www.eclidea.fr\/?page_id=3\" \/>\n<meta property=\"og:locale\" content=\"fr_FR\" \/>\n<meta property=\"og:type\" content=\"article\" \/>\n<meta property=\"og:title\" content=\"Cr\u00e9dits &amp; Mentions l\u00e9gales - Eclidea\" \/>\n<meta property=\"og:description\" content=\"Cr\u00e9dits &amp; Mentions l\u00e9gales : informations l\u00e9gales, contenu du site, cookies, utilisation de vos donn\u00e9es, pour nous contacter...\" \/>\n<meta property=\"og:url\" content=\"https:\/\/www.eclidea.fr\/?page_id=3\" \/>\n<meta property=\"og:site_name\" content=\"Eclidea\" \/>\n<meta property=\"article:modified_time\" content=\"2025-03-08T16:34:13+00:00\" \/>\n<meta name=\"twitter:card\" content=\"summary_large_image\" \/>\n<meta name=\"twitter:label1\" content=\"Dur\u00e9e de lecture estim\u00e9e\" \/>\n\t<meta name=\"twitter:data1\" content=\"3 minutes\" \/>\n<script type=\"application\/ld+json\" class=\"yoast-schema-graph\">{\"@context\":\"https:\\\/\\\/schema.org\",\"@graph\":[{\"@type\":\"WebPage\",\"@id\":\"https:\\\/\\\/www.eclidea.fr\\\/?page_id=3\",\"url\":\"https:\\\/\\\/www.eclidea.fr\\\/?page_id=3\",\"name\":\"Cr\u00e9dits &amp; Mentions l\u00e9gales - Eclidea\",\"isPartOf\":{\"@id\":\"http:\\\/\\\/www.eclidea.fr\\\/#website\"},\"datePublished\":\"2025-02-01T12:01:43+00:00\",\"dateModified\":\"2025-03-08T16:34:13+00:00\",\"description\":\"Cr\u00e9dits & Mentions l\u00e9gales : informations l\u00e9gales, contenu du site, cookies, utilisation de vos donn\u00e9es, pour nous contacter...\",\"breadcrumb\":{\"@id\":\"https:\\\/\\\/www.eclidea.fr\\\/?page_id=3#breadcrumb\"},\"inLanguage\":\"fr-FR\",\"potentialAction\":[{\"@type\":\"ReadAction\",\"target\":[\"https:\\\/\\\/www.eclidea.fr\\\/?page_id=3\"]}]},{\"@type\":\"BreadcrumbList\",\"@id\":\"https:\\\/\\\/www.eclidea.fr\\\/?page_id=3#breadcrumb\",\"itemListElement\":[{\"@type\":\"ListItem\",\"position\":1,\"name\":\"Home\",\"item\":\"http:\\\/\\\/www.eclidea.fr\\\/\"},{\"@type\":\"ListItem\",\"position\":2,\"name\":\"Cr\u00e9dits &amp; Mentions l\u00e9gales\"}]},{\"@type\":\"WebSite\",\"@id\":\"http:\\\/\\\/www.eclidea.fr\\\/#website\",\"url\":\"http:\\\/\\\/www.eclidea.fr\\\/\",\"name\":\"Eclidea\",\"description\":\"Pour faire \u00e9clore les id\u00e9es\",\"publisher\":{\"@id\":\"http:\\\/\\\/www.eclidea.fr\\\/#organization\"},\"potentialAction\":[{\"@type\":\"SearchAction\",\"target\":{\"@type\":\"EntryPoint\",\"urlTemplate\":\"http:\\\/\\\/www.eclidea.fr\\\/?s={search_term_string}\"},\"query-input\":{\"@type\":\"PropertyValueSpecification\",\"valueRequired\":true,\"valueName\":\"search_term_string\"}}],\"inLanguage\":\"fr-FR\"},{\"@type\":\"Organization\",\"@id\":\"http:\\\/\\\/www.eclidea.fr\\\/#organization\",\"name\":\"Eclidea\",\"url\":\"http:\\\/\\\/www.eclidea.fr\\\/\",\"logo\":{\"@type\":\"ImageObject\",\"inLanguage\":\"fr-FR\",\"@id\":\"http:\\\/\\\/www.eclidea.fr\\\/#\\\/schema\\\/logo\\\/image\\\/\",\"url\":\"https:\\\/\\\/www.eclidea.fr\\\/wp-content\\\/uploads\\\/2025\\\/02\\\/LogoEclidea-Web.gif\",\"contentUrl\":\"https:\\\/\\\/www.eclidea.fr\\\/wp-content\\\/uploads\\\/2025\\\/02\\\/LogoEclidea-Web.gif\",\"width\":654,\"height\":274,\"caption\":\"Eclidea\"},\"image\":{\"@id\":\"http:\\\/\\\/www.eclidea.fr\\\/#\\\/schema\\\/logo\\\/image\\\/\"}}]}<\/script>\n<!-- \/ Yoast SEO plugin. -->","yoast_head_json":{"title":"Cr\u00e9dits &amp; Mentions l\u00e9gales - Eclidea","description":"Cr\u00e9dits & Mentions l\u00e9gales : informations l\u00e9gales, contenu du site, cookies, utilisation de vos donn\u00e9es, pour nous contacter...","robots":{"index":"index","follow":"follow","max-snippet":"max-snippet:-1","max-image-preview":"max-image-preview:large","max-video-preview":"max-video-preview:-1"},"canonical":"https:\/\/www.eclidea.fr\/?page_id=3","og_locale":"fr_FR","og_type":"article","og_title":"Cr\u00e9dits &amp; Mentions l\u00e9gales - Eclidea","og_description":"Cr\u00e9dits & Mentions l\u00e9gales : informations l\u00e9gales, contenu du site, cookies, utilisation de vos donn\u00e9es, pour nous contacter...","og_url":"https:\/\/www.eclidea.fr\/?page_id=3","og_site_name":"Eclidea","article_modified_time":"2025-03-08T16:34:13+00:00","twitter_card":"summary_large_image","twitter_misc":{"Dur\u00e9e de lecture estim\u00e9e":"3 minutes"},"schema":{"@context":"https:\/\/schema.org","@graph":[{"@type":"WebPage","@id":"https:\/\/www.eclidea.fr\/?page_id=3","url":"https:\/\/www.eclidea.fr\/?page_id=3","name":"Cr\u00e9dits &amp; Mentions l\u00e9gales - Eclidea","isPartOf":{"@id":"http:\/\/www.eclidea.fr\/#website"},"datePublished":"2025-02-01T12:01:43+00:00","dateModified":"2025-03-08T16:34:13+00:00","description":"Cr\u00e9dits & Mentions l\u00e9gales : informations l\u00e9gales, contenu du site, cookies, utilisation de vos donn\u00e9es, pour nous contacter...","breadcrumb":{"@id":"https:\/\/www.eclidea.fr\/?page_id=3#breadcrumb"},"inLanguage":"fr-FR","potentialAction":[{"@type":"ReadAction","target":["https:\/\/www.eclidea.fr\/?page_id=3"]}]},{"@type":"BreadcrumbList","@id":"https:\/\/www.eclidea.fr\/?page_id=3#breadcrumb","itemListElement":[{"@type":"ListItem","position":1,"name":"Home","item":"http:\/\/www.eclidea.fr\/"},{"@type":"ListItem","position":2,"name":"Cr\u00e9dits &amp; Mentions l\u00e9gales"}]},{"@type":"WebSite","@id":"http:\/\/www.eclidea.fr\/#website","url":"http:\/\/www.eclidea.fr\/","name":"Eclidea","description":"Pour faire \u00e9clore les id\u00e9es","publisher":{"@id":"http:\/\/www.eclidea.fr\/#organization"},"potentialAction":[{"@type":"SearchAction","target":{"@type":"EntryPoint","urlTemplate":"http:\/\/www.eclidea.fr\/?s={search_term_string}"},"query-input":{"@type":"PropertyValueSpecification","valueRequired":true,"valueName":"search_term_string"}}],"inLanguage":"fr-FR"},{"@type":"Organization","@id":"http:\/\/www.eclidea.fr\/#organization","name":"Eclidea","url":"http:\/\/www.eclidea.fr\/","logo":{"@type":"ImageObject","inLanguage":"fr-FR","@id":"http:\/\/www.eclidea.fr\/#\/schema\/logo\/image\/","url":"https:\/\/www.eclidea.fr\/wp-content\/uploads\/2025\/02\/LogoEclidea-Web.gif","contentUrl":"https:\/\/www.eclidea.fr\/wp-content\/uploads\/2025\/02\/LogoEclidea-Web.gif","width":654,"height":274,"caption":"Eclidea"},"image":{"@id":"http:\/\/www.eclidea.fr\/#\/schema\/logo\/image\/"}}]}},"_links":{"self":[{"href":"https:\/\/www.eclidea.fr\/index.php?rest_route=\/wp\/v2\/pages\/3","targetHints":{"allow":["GET"]}}],"collection":[{"href":"https:\/\/www.eclidea.fr\/index.php?rest_route=\/wp\/v2\/pages"}],"about":[{"href":"https:\/\/www.eclidea.fr\/index.php?rest_route=\/wp\/v2\/types\/page"}],"author":[{"embeddable":true,"href":"https:\/\/www.eclidea.fr\/index.php?rest_route=\/wp\/v2\/users\/1"}],"replies":[{"embeddable":true,"href":"https:\/\/www.eclidea.fr\/index.php?rest_route=%2Fwp%2Fv2%2Fcomments&post=3"}],"version-history":[{"count":23,"href":"https:\/\/www.eclidea.fr\/index.php?rest_route=\/wp\/v2\/pages\/3\/revisions"}],"predecessor-version":[{"id":819,"href":"https:\/\/www.eclidea.fr\/index.php?rest_route=\/wp\/v2\/pages\/3\/revisions\/819"}],"wp:attachment":[{"href":"https:\/\/www.eclidea.fr\/index.php?rest_route=%2Fwp%2Fv2%2Fmedia&parent=3"}],"curies":[{"name":"wp","href":"https:\/\/api.w.org\/{rel}","templated":true}]}}