{"id":24,"date":"2025-02-05T18:11:34","date_gmt":"2025-02-05T17:11:34","guid":{"rendered":"https:\/\/www.eclidea.fr\/?page_id=24"},"modified":"2025-12-18T12:46:48","modified_gmt":"2025-12-18T11:46:48","slug":"engagement-societal","status":"publish","type":"page","link":"https:\/\/www.eclidea.fr\/?page_id=24","title":{"rendered":"Engagement soci\u00e9tal"},"content":{"rendered":"\n<div class=\"wp-block-group alignwide is-style-section-1 has-global-padding is-layout-constrained wp-container-core-group-is-layout-085c765d wp-block-group-is-layout-constrained is-style-section-1--1\" style=\"margin-top:0;margin-bottom:0;padding-top:var(--wp--preset--spacing--20);padding-right:var(--wp--preset--spacing--30);padding-bottom:var(--wp--preset--spacing--20);padding-left:var(--wp--preset--spacing--30)\">\n<h2 class=\"wp-block-heading alignwide has-text-align-left\">Indicateurs sociaux et environnementaux<\/h2>\n\n\n\n<div style=\"height:var(--wp--preset--spacing--30)\" aria-hidden=\"true\" class=\"wp-block-spacer\"><\/div>\n\n\n\n<div class=\"wp-block-columns alignwide are-vertically-aligned-top is-style-default is-layout-flex wp-container-core-columns-is-layout-ec2e7a44 wp-block-columns-is-layout-flex\" style=\"padding-top:0;padding-bottom:0\">\n<div class=\"wp-block-column is-vertically-aligned-top is-style-default is-layout-flow wp-block-column-is-layout-flow\">\n<hr class=\"wp-block-separator aligncenter has-text-color has-base-color has-alpha-channel-opacity has-base-background-color has-background is-style-wide is-style-wide--2\"\/>\n\n\n\n<h6 class=\"wp-block-heading has-text-align-center wp-container-content-69bc4bdf\"><br>Empreinte carbone<\/h6>\n\n\n\n<figure class=\"wp-block-image aligncenter size-full is-resized\"><img loading=\"lazy\" decoding=\"async\" width=\"640\" height=\"640\" src=\"http:\/\/www.eclidea.fr\/wp-content\/uploads\/2025\/12\/EngSocietal_EmpreinteCarbone2025.png\" alt=\"\" class=\"wp-image-924\" style=\"aspect-ratio:1;object-fit:cover;width:150px\" srcset=\"https:\/\/www.eclidea.fr\/wp-content\/uploads\/2025\/12\/EngSocietal_EmpreinteCarbone2025.png 640w, https:\/\/www.eclidea.fr\/wp-content\/uploads\/2025\/12\/EngSocietal_EmpreinteCarbone2025-300x300.png 300w, https:\/\/www.eclidea.fr\/wp-content\/uploads\/2025\/12\/EngSocietal_EmpreinteCarbone2025-150x150.png 150w, https:\/\/www.eclidea.fr\/wp-content\/uploads\/2025\/12\/EngSocietal_EmpreinteCarbone2025-75x75.png 75w\" sizes=\"auto, (max-width: 640px) 100vw, 640px\" \/><\/figure>\n\n\n\n<p class=\"has-text-align-center is-style-default has-accent-3-color has-text-color has-link-color wp-elements-04b6a893ff1c513777273acbcca8afc2 wp-container-content-69bc4bdf\" style=\"font-size:0.8rem\">Mesure globale des \u00e9missions de gaz \u00e0 effet de serre produites, directement et indirectement, par les activit\u00e9s de l\u2019entreprise (transport, \u00e9nergie, informatique).&nbsp;<\/p>\n\n\n\n<div style=\"height:var(--wp--preset--spacing--30)\" aria-hidden=\"true\" class=\"wp-block-spacer\"><\/div>\n<\/div>\n\n\n\n<div class=\"wp-block-column is-vertically-aligned-top is-layout-flow wp-block-column-is-layout-flow\">\n<hr class=\"wp-block-separator aligncenter has-text-color has-base-color has-alpha-channel-opacity has-base-background-color has-background is-style-wide is-style-wide--3\"\/>\n\n\n\n<h6 class=\"wp-block-heading has-text-align-center\"><br>Indice de formation<\/h6>\n\n\n\n<figure class=\"wp-block-image aligncenter size-full is-resized\"><img loading=\"lazy\" decoding=\"async\" width=\"640\" height=\"640\" src=\"http:\/\/www.eclidea.fr\/wp-content\/uploads\/2025\/12\/20251101-DRP-Diplome.png\" alt=\"\" class=\"wp-image-923\" style=\"aspect-ratio:1;object-fit:cover;width:150px\" srcset=\"https:\/\/www.eclidea.fr\/wp-content\/uploads\/2025\/12\/20251101-DRP-Diplome.png 640w, https:\/\/www.eclidea.fr\/wp-content\/uploads\/2025\/12\/20251101-DRP-Diplome-300x300.png 300w, https:\/\/www.eclidea.fr\/wp-content\/uploads\/2025\/12\/20251101-DRP-Diplome-150x150.png 150w, https:\/\/www.eclidea.fr\/wp-content\/uploads\/2025\/12\/20251101-DRP-Diplome-75x75.png 75w\" sizes=\"auto, (max-width: 640px) 100vw, 640px\" \/><\/figure>\n\n\n\n<p class=\"has-text-align-center has-accent-3-color has-text-color has-link-color wp-elements-b09014f271c9c46a9e5613a17fd51ddf wp-container-content-69bc4bdf\" style=\"font-size:0.8rem\">Activit\u00e9s men\u00e9es et reconnues <br>pour poursuivre la mont\u00e9e en comp\u00e9tences.<\/p>\n\n\n\n<div style=\"height:var(--wp--preset--spacing--30)\" aria-hidden=\"true\" class=\"wp-block-spacer\"><\/div>\n<\/div>\n\n\n\n<div class=\"wp-block-column is-vertically-aligned-top is-layout-flow wp-block-column-is-layout-flow\">\n<hr class=\"wp-block-separator aligncenter has-text-color has-base-color has-alpha-channel-opacity has-base-background-color has-background is-style-wide is-style-wide--4\"\/>\n\n\n\n<h6 class=\"wp-block-heading has-text-align-center\"><br>Indice d&rsquo;engagement<\/h6>\n\n\n\n<figure class=\"wp-block-image aligncenter size-full is-resized\"><img loading=\"lazy\" decoding=\"async\" width=\"640\" height=\"640\" src=\"http:\/\/www.eclidea.fr\/wp-content\/uploads\/2025\/12\/LES-PARCOURS-DU-FACTEUR-HUMAIN-site.png\" alt=\"\" class=\"wp-image-922\" style=\"aspect-ratio:1;object-fit:cover;width:150px\" srcset=\"https:\/\/www.eclidea.fr\/wp-content\/uploads\/2025\/12\/LES-PARCOURS-DU-FACTEUR-HUMAIN-site.png 640w, https:\/\/www.eclidea.fr\/wp-content\/uploads\/2025\/12\/LES-PARCOURS-DU-FACTEUR-HUMAIN-site-300x300.png 300w, https:\/\/www.eclidea.fr\/wp-content\/uploads\/2025\/12\/LES-PARCOURS-DU-FACTEUR-HUMAIN-site-150x150.png 150w, https:\/\/www.eclidea.fr\/wp-content\/uploads\/2025\/12\/LES-PARCOURS-DU-FACTEUR-HUMAIN-site-75x75.png 75w\" sizes=\"auto, (max-width: 640px) 100vw, 640px\" \/><\/figure>\n\n\n\n<p class=\"has-text-align-center wp-container-content-69bc4bdf\" style=\"font-size:0.8rem\">Activit\u00e9s consacr\u00e9es au b\u00e9n\u00e9volat dans le cadre d\u2019activit\u00e9s professionnelles<\/p>\n\n\n\n<div style=\"height:var(--wp--preset--spacing--30)\" aria-hidden=\"true\" class=\"wp-block-spacer\"><\/div>\n<\/div>\n\n\n\n<div class=\"wp-block-column is-layout-flow wp-block-column-is-layout-flow\">\n<hr class=\"wp-block-separator aligncenter has-text-color has-base-color has-alpha-channel-opacity has-base-background-color has-background is-style-wide is-style-wide--5\"\/>\n\n\n\n<h6 class=\"wp-block-heading has-text-align-center\">participation \u00e0 la transition environnementale<\/h6>\n\n\n\n<figure class=\"wp-block-image aligncenter size-full is-resized is-style-default\"><img loading=\"lazy\" decoding=\"async\" width=\"640\" height=\"640\" src=\"http:\/\/www.eclidea.fr\/wp-content\/uploads\/2025\/12\/ValeurCATransition2025.png\" alt=\"\" class=\"wp-image-925\" style=\"aspect-ratio:1;object-fit:cover;width:150px\" srcset=\"https:\/\/www.eclidea.fr\/wp-content\/uploads\/2025\/12\/ValeurCATransition2025.png 640w, https:\/\/www.eclidea.fr\/wp-content\/uploads\/2025\/12\/ValeurCATransition2025-300x300.png 300w, https:\/\/www.eclidea.fr\/wp-content\/uploads\/2025\/12\/ValeurCATransition2025-150x150.png 150w, https:\/\/www.eclidea.fr\/wp-content\/uploads\/2025\/12\/ValeurCATransition2025-75x75.png 75w\" sizes=\"auto, (max-width: 640px) 100vw, 640px\" \/><\/figure>\n\n\n\n<p class=\"has-text-align-center wp-container-content-69bc4bdf\" style=\"font-size:0.8rem\">Part du CA consacr\u00e9 \u00e0 la connaissance (partage, apport ou diffusion) ou la transformation.<\/p>\n<\/div>\n<\/div>\n\n\n\n<div style=\"height:var(--wp--preset--spacing--30)\" aria-hidden=\"true\" class=\"wp-block-spacer\"><\/div>\n<\/div>\n\n\n\n<div class=\"wp-block-group alignwide has-global-padding is-layout-constrained wp-container-core-group-is-layout-0a998846 wp-block-group-is-layout-constrained\" style=\"margin-top:0;margin-bottom:0;padding-top:var(--wp--preset--spacing--50);padding-right:0;padding-bottom:var(--wp--preset--spacing--50);padding-left:0\">\n<h2 class=\"wp-block-heading alignwide has-text-align-left\">Politiques<\/h2>\n\n\n\n<div style=\"height:14px\" aria-hidden=\"true\" class=\"wp-block-spacer\"><\/div>\n\n\n\n<div class=\"wp-block-columns alignwide are-vertically-aligned-top is-style-default is-layout-flex wp-container-core-columns-is-layout-ec2e7a44 wp-block-columns-is-layout-flex\" style=\"padding-top:0;padding-bottom:0\">\n<div class=\"wp-block-column is-vertically-aligned-top is-style-default is-layout-flow wp-block-column-is-layout-flow\">\n<p class=\"has-text-align-center has-accent-2-color has-contrast-background-color has-text-color has-background has-link-color wp-elements-3198ac02e9b4cd17b4502db7fa9f0e5b\"><strong>Mobilit\u00e9<\/strong><\/p>\n\n\n\n<p class=\"is-style-text-annotation has-accent-5-background-color has-background is-style-text-annotation--6\">Eclid\u00e9a ne dispose pas de v\u00e9hicule.<br>Les d\u00e9placements longue distance sont r\u00e9alis\u00e9s en train et ceux de proximit\u00e9 utilisent la mobilit\u00e9 douce et les transports en commun.<br>Si des d\u00e9placements devaient ne pas suivre ces r\u00e8gles, ils feraient l\u2019objet d\u2019une compensation carbone.<\/p>\n<\/div>\n\n\n\n<div class=\"wp-block-column is-vertically-aligned-top is-layout-flow wp-block-column-is-layout-flow\">\n<p class=\"has-text-align-center has-accent-2-color has-contrast-background-color has-text-color has-background has-link-color wp-elements-d37642243ac83d778abe2d5d71d94be9\" style=\"line-height:0.85\"><strong>Sobri\u00e9t\u00e9<\/strong><br><strong>\u00e9nerg\u00e9tique<\/strong><\/p>\n\n\n\n<p class=\"is-style-text-annotation has-accent-5-background-color has-background is-style-text-annotation--7\">Les bureaux d\u2019Eclid\u00e9a sont situ\u00e9s dans un b\u00e2timent datant de 1894.<br>La performance \u00e9nerg\u00e9tique du b\u00e2timent est de classe C et sa classe d\u2019\u00e9missions de CO<sub>2<\/sub> est A.<br>Le chauffage b\u00e9n\u00e9ficie d\u2019un syst\u00e8me de pompes \u00e0 chaleur Air \/ Eau. Il est r\u00e9gl\u00e9 \u00e0 19\u00b0C.<br>Si bien que le look \u00ab\u00a0doudoune et \u00e9charpe\u00a0\u00bb est de mise l\u2019hiver chez Eclid\u00e9a&nbsp;?.<\/p>\n<\/div>\n\n\n\n<div class=\"wp-block-column is-vertically-aligned-top is-layout-flow wp-block-column-is-layout-flow\">\n<p class=\"has-text-align-center has-accent-2-color has-contrast-background-color has-text-color has-background has-link-color wp-elements-41851c01cc988db1fb34784e7e0f0ddd\" style=\"line-height:0.85\"><strong>Sobri\u00e9t\u00e9 <\/strong><br><strong>num\u00e9rique<\/strong><\/p>\n\n\n\n<p class=\"is-style-text-annotation has-accent-5-background-color has-background is-style-text-annotation--8\">Prolongation maximale du mat\u00e9riel informatique : imprimante, ordinateur portable et tablette acquis en 2019 \/ double \u00e9cran de r\u00e9cup\u00e9ration et t\u00e9l\u00e9phone reconditionn\u00e9.<br>D\u00e9sabonnement mailing listes inutiles !<br>Moteur de recherche Ecosia<\/p>\n<\/div>\n<\/div>\n\n\n\n<div style=\"height:14px\" aria-hidden=\"true\" class=\"wp-block-spacer\"><\/div>\n\n\n\n<div class=\"wp-block-columns alignwide are-vertically-aligned-top is-style-default is-layout-flex wp-container-core-columns-is-layout-28f84493 wp-block-columns-is-layout-flex\">\n<div class=\"wp-block-column is-vertically-aligned-top is-style-default is-layout-flow wp-block-column-is-layout-flow\">\n<p class=\"has-text-align-center has-accent-2-color has-contrast-background-color has-text-color has-background has-link-color wp-elements-cae55a8fb451cfc0e895749c30efb32e\"><strong><strong>Eco-conception<\/strong><\/strong><\/p>\n\n\n\n<p class=\"is-style-text-annotation has-accent-5-background-color has-background is-style-text-annotation--9\">Les fournitures sont majoritairement d\u2019origine fran\u00e7aise et \u00e9cologiques.<br>Les livrables destin\u00e9s \u00e0 \u00eatre imprim\u00e9s sont propos\u00e9s en noir et blanc si cela ne nuit ni au message port\u00e9 ni \u00e0 sa compr\u00e9hension.<br>Tous les supports d\u2019atelier sont \u00e9co-con\u00e7us. <br>Un exemple ici : <a href=\"http:\/\/www.resi-lancons-nous.fr\" data-type=\"link\" data-id=\"www.resi-lancons-nous.fr\"><em>www.resi-lancons-nous.fr<\/em><\/a>.<\/p>\n<\/div>\n\n\n\n<div class=\"wp-block-column is-vertically-aligned-top is-layout-flow wp-block-column-is-layout-flow\">\n<p class=\"has-text-align-center has-accent-2-color has-contrast-background-color has-text-color has-background has-link-color wp-elements-4f86799eacf86f1645c31e54ea6721bc\" style=\"line-height:1.5\"><strong>Choix des missions<\/strong><\/p>\n\n\n\n<p class=\"is-style-text-annotation has-accent-5-background-color has-background is-style-text-annotation--10\">Ne pas dire oui \u00e0 tout !<br>Savoir renoncer \u00e0 ce qui n\u2019est pas align\u00e9, \u00e0 ce qui ne participe d\u2019aucune fa\u00e7on \u00e0 la transformation de nos territoires, de nos entreprises, de notre soci\u00e9t\u00e9 et des individus qui les composent vers une meilleure prise en compte des enjeux li\u00e9s au climat et \u00e0 la pr\u00e9servation de la biodiversit\u00e9.<\/p>\n<\/div>\n<\/div>\n<\/div>\n\n\n\n<div class=\"wp-block-group alignfull is-style-section-5 is-layout-flow wp-block-group-is-layout-flow is-style-section-5--12\" style=\"margin-top:0;margin-bottom:0;padding-top:var(--wp--preset--spacing--50);padding-bottom:var(--wp--preset--spacing--50)\">\n<div class=\"wp-block-columns alignwide is-layout-flex wp-container-core-columns-is-layout-c3de96e0 wp-block-columns-is-layout-flex\" style=\"padding-right:var(--wp--preset--spacing--40);padding-left:var(--wp--preset--spacing--40)\">\n<div class=\"wp-block-column is-vertically-aligned-center is-layout-flow wp-container-core-column-is-layout-bafa4c54 wp-block-column-is-layout-flow\" style=\"padding-right:var(--wp--preset--spacing--50);padding-left:var(--wp--preset--spacing--50);flex-basis:45%\">\n<figure class=\"wp-block-image size-full\"><img loading=\"lazy\" decoding=\"async\" width=\"640\" height=\"640\" src=\"https:\/\/www.eclidea.fr\/wp-content\/uploads\/2025\/02\/genereux.jpg\" alt=\"Constituer un tout g\u00e9n\u00e9reux &quot;en service&quot; : mycellium\" class=\"wp-image-592\" style=\"aspect-ratio:4\/3;object-fit:cover\"\/><\/figure>\n<\/div>\n\n\n\n<div class=\"wp-block-column is-vertically-aligned-center is-layout-flow wp-container-core-column-is-layout-bef585f2 wp-block-column-is-layout-flow\" style=\"padding-right:var(--wp--preset--spacing--40);padding-left:var(--wp--preset--spacing--40);flex-basis:55%\">\n<p class=\"is-style-text-subtitle has-accent-1-color has-custom-bleu-background-color has-text-color has-background has-link-color wp-elements-c7526c6b6ba5e9487dc0fcd78d6b886f is-style-text-subtitle--13\" style=\"font-size:clamp(0.929rem, 0.929rem + ((1vw - 0.2rem) * 0.739), 1.4rem);\">Constituer un tout g\u00e9n\u00e9reux \u00ab\u00a0en service\u00a0\u00bb<\/p>\n\n\n\n<p class=\"is-style-text-display has-contrast-color has-accent-1-background-color has-text-color has-background has-link-color has-medium-font-size wp-elements-240c60b87ec939434865197a90fe09a2 is-style-text-display--14\">Dans les \u00e9cosyst\u00e8mes, les interactions entre les esp\u00e8ces et leur milieu g\u00e9n\u00e8rent un ensemble de \u00ab&nbsp;services&nbsp;\u00bb utiles \u00e0 tous : les services \u00e9cosyst\u00e9miques. G\u00e9n\u00e9r\u00e9s de mani\u00e8re gracieuse, ils sont utiles \u00e0 d\u2019autres esp\u00e8ces et \u00e0 la globalit\u00e9 de l\u2019\u00e9cosyst\u00e8me.<\/p>\n\n\n\n<blockquote class=\"wp-block-quote is-layout-flow wp-block-quote-is-layout-flow\">\n<p class=\"has-medium-font-size\">En cr\u00e9ant du lien au sein de son r\u00e9seau, en pensant d&rsquo;abord int\u00e9r\u00eat g\u00e9n\u00e9ral, Eclid\u00e9a, joue un r\u00f4le dans la transformation de la soci\u00e9t\u00e9, \u00e0 l&rsquo;instar des myc\u00e9liums qui connectent les racines des arbres et favorisent les \u00e9changes, y compris entre des esp\u00e8ces diff\u00e9rentes.<\/p>\n<\/blockquote>\n<\/div>\n<\/div>\n\n\n\n<p style=\"margin-right:var(--wp--preset--spacing--60);margin-left:var(--wp--preset--spacing--60);font-size:0.7rem\"><em><a href=\"https:\/\/www.eclidea.fr\/?page_id=2\" data-type=\"page\" data-id=\"2\" target=\"_blank\" rel=\"noreferrer noopener\">Eclid\u00e9a puise sa robustesse et exprime sa valeur dans les principes du vivant<\/a><\/em><\/p>\n<\/div>\n","protected":false},"excerpt":{"rendered":"<p>Indicateurs sociaux et environnementaux Empreinte carbone Mesure globale des \u00e9missions de gaz \u00e0 effet de serre produites, directement et indirectement, par les activit\u00e9s de l\u2019entreprise (transport, \u00e9nergie, informatique).&nbsp; Indice de formation Activit\u00e9s men\u00e9es et reconnues pour poursuivre la mont\u00e9e en comp\u00e9tences. Indice d&rsquo;engagement Activit\u00e9s consacr\u00e9es au b\u00e9n\u00e9volat dans le cadre d\u2019activit\u00e9s professionnelles participation \u00e0 la [&hellip;]<\/p>\n","protected":false},"author":1,"featured_media":0,"parent":0,"menu_order":0,"comment_status":"closed","ping_status":"closed","template":"","meta":{"footnotes":""},"class_list":["post-24","page","type-page","status-publish","hentry"],"yoast_head":"<!-- This site is optimized with the Yoast SEO plugin v27.4 - https:\/\/yoast.com\/product\/yoast-seo-wordpress\/ -->\n<title>Engagement soci\u00e9tal - Eclidea<\/title>\n<meta name=\"description\" content=\"Engagement soci\u00e9tal : retrouvez dans cette page nos indicateurs sociaux et environnementaux ainsi que nos politiques de mobilit\u00e9 et sobri\u00e9t\u00e9.\" \/>\n<meta name=\"robots\" content=\"index, follow, max-snippet:-1, max-image-preview:large, max-video-preview:-1\" \/>\n<link rel=\"canonical\" href=\"http:\/\/www.eclidea.fr\/?page_id=24\" \/>\n<meta property=\"og:locale\" content=\"fr_FR\" \/>\n<meta property=\"og:type\" content=\"article\" \/>\n<meta property=\"og:title\" content=\"Engagement soci\u00e9tal - Eclidea\" \/>\n<meta property=\"og:description\" content=\"Engagement soci\u00e9tal : retrouvez dans cette page nos indicateurs sociaux et environnementaux ainsi que nos politiques de mobilit\u00e9 et sobri\u00e9t\u00e9.\" \/>\n<meta property=\"og:url\" content=\"http:\/\/www.eclidea.fr\/?page_id=24\" \/>\n<meta property=\"og:site_name\" content=\"Eclidea\" \/>\n<meta property=\"article:modified_time\" content=\"2025-12-18T11:46:48+00:00\" \/>\n<meta property=\"og:image\" content=\"http:\/\/www.eclidea.fr\/wp-content\/uploads\/2025\/12\/EngSocietal_EmpreinteCarbone2025.png\" \/>\n<meta name=\"twitter:card\" content=\"summary_large_image\" \/>\n<meta name=\"twitter:label1\" content=\"Dur\u00e9e de lecture estim\u00e9e\" \/>\n\t<meta name=\"twitter:data1\" content=\"3 minutes\" \/>\n<script type=\"application\/ld+json\" class=\"yoast-schema-graph\">{\"@context\":\"https:\\\/\\\/schema.org\",\"@graph\":[{\"@type\":\"WebPage\",\"@id\":\"http:\\\/\\\/www.eclidea.fr\\\/?page_id=24\",\"url\":\"http:\\\/\\\/www.eclidea.fr\\\/?page_id=24\",\"name\":\"Engagement soci\u00e9tal - Eclidea\",\"isPartOf\":{\"@id\":\"http:\\\/\\\/www.eclidea.fr\\\/#website\"},\"primaryImageOfPage\":{\"@id\":\"http:\\\/\\\/www.eclidea.fr\\\/?page_id=24#primaryimage\"},\"image\":{\"@id\":\"http:\\\/\\\/www.eclidea.fr\\\/?page_id=24#primaryimage\"},\"thumbnailUrl\":\"http:\\\/\\\/www.eclidea.fr\\\/wp-content\\\/uploads\\\/2025\\\/12\\\/EngSocietal_EmpreinteCarbone2025.png\",\"datePublished\":\"2025-02-05T17:11:34+00:00\",\"dateModified\":\"2025-12-18T11:46:48+00:00\",\"description\":\"Engagement soci\u00e9tal : retrouvez dans cette page nos indicateurs sociaux et environnementaux ainsi que nos politiques de mobilit\u00e9 et sobri\u00e9t\u00e9.\",\"breadcrumb\":{\"@id\":\"http:\\\/\\\/www.eclidea.fr\\\/?page_id=24#breadcrumb\"},\"inLanguage\":\"fr-FR\",\"potentialAction\":[{\"@type\":\"ReadAction\",\"target\":[\"http:\\\/\\\/www.eclidea.fr\\\/?page_id=24\"]}]},{\"@type\":\"ImageObject\",\"inLanguage\":\"fr-FR\",\"@id\":\"http:\\\/\\\/www.eclidea.fr\\\/?page_id=24#primaryimage\",\"url\":\"https:\\\/\\\/www.eclidea.fr\\\/wp-content\\\/uploads\\\/2025\\\/12\\\/EngSocietal_EmpreinteCarbone2025.png\",\"contentUrl\":\"https:\\\/\\\/www.eclidea.fr\\\/wp-content\\\/uploads\\\/2025\\\/12\\\/EngSocietal_EmpreinteCarbone2025.png\",\"width\":640,\"height\":640},{\"@type\":\"BreadcrumbList\",\"@id\":\"http:\\\/\\\/www.eclidea.fr\\\/?page_id=24#breadcrumb\",\"itemListElement\":[{\"@type\":\"ListItem\",\"position\":1,\"name\":\"Home\",\"item\":\"http:\\\/\\\/www.eclidea.fr\\\/\"},{\"@type\":\"ListItem\",\"position\":2,\"name\":\"Engagement soci\u00e9tal\"}]},{\"@type\":\"WebSite\",\"@id\":\"http:\\\/\\\/www.eclidea.fr\\\/#website\",\"url\":\"http:\\\/\\\/www.eclidea.fr\\\/\",\"name\":\"Eclidea\",\"description\":\"Pour faire \u00e9clore les id\u00e9es\",\"publisher\":{\"@id\":\"http:\\\/\\\/www.eclidea.fr\\\/#organization\"},\"potentialAction\":[{\"@type\":\"SearchAction\",\"target\":{\"@type\":\"EntryPoint\",\"urlTemplate\":\"http:\\\/\\\/www.eclidea.fr\\\/?s={search_term_string}\"},\"query-input\":{\"@type\":\"PropertyValueSpecification\",\"valueRequired\":true,\"valueName\":\"search_term_string\"}}],\"inLanguage\":\"fr-FR\"},{\"@type\":\"Organization\",\"@id\":\"http:\\\/\\\/www.eclidea.fr\\\/#organization\",\"name\":\"Eclidea\",\"url\":\"http:\\\/\\\/www.eclidea.fr\\\/\",\"logo\":{\"@type\":\"ImageObject\",\"inLanguage\":\"fr-FR\",\"@id\":\"http:\\\/\\\/www.eclidea.fr\\\/#\\\/schema\\\/logo\\\/image\\\/\",\"url\":\"https:\\\/\\\/www.eclidea.fr\\\/wp-content\\\/uploads\\\/2025\\\/02\\\/LogoEclidea-Web.gif\",\"contentUrl\":\"https:\\\/\\\/www.eclidea.fr\\\/wp-content\\\/uploads\\\/2025\\\/02\\\/LogoEclidea-Web.gif\",\"width\":654,\"height\":274,\"caption\":\"Eclidea\"},\"image\":{\"@id\":\"http:\\\/\\\/www.eclidea.fr\\\/#\\\/schema\\\/logo\\\/image\\\/\"}}]}<\/script>\n<!-- \/ Yoast SEO plugin. -->","yoast_head_json":{"title":"Engagement soci\u00e9tal - Eclidea","description":"Engagement soci\u00e9tal : retrouvez dans cette page nos indicateurs sociaux et environnementaux ainsi que nos politiques de mobilit\u00e9 et sobri\u00e9t\u00e9.","robots":{"index":"index","follow":"follow","max-snippet":"max-snippet:-1","max-image-preview":"max-image-preview:large","max-video-preview":"max-video-preview:-1"},"canonical":"http:\/\/www.eclidea.fr\/?page_id=24","og_locale":"fr_FR","og_type":"article","og_title":"Engagement soci\u00e9tal - Eclidea","og_description":"Engagement soci\u00e9tal : retrouvez dans cette page nos indicateurs sociaux et environnementaux ainsi que nos politiques de mobilit\u00e9 et sobri\u00e9t\u00e9.","og_url":"http:\/\/www.eclidea.fr\/?page_id=24","og_site_name":"Eclidea","article_modified_time":"2025-12-18T11:46:48+00:00","og_image":[{"url":"http:\/\/www.eclidea.fr\/wp-content\/uploads\/2025\/12\/EngSocietal_EmpreinteCarbone2025.png","type":"","width":"","height":""}],"twitter_card":"summary_large_image","twitter_misc":{"Dur\u00e9e de lecture estim\u00e9e":"3 minutes"},"schema":{"@context":"https:\/\/schema.org","@graph":[{"@type":"WebPage","@id":"http:\/\/www.eclidea.fr\/?page_id=24","url":"http:\/\/www.eclidea.fr\/?page_id=24","name":"Engagement soci\u00e9tal - Eclidea","isPartOf":{"@id":"http:\/\/www.eclidea.fr\/#website"},"primaryImageOfPage":{"@id":"http:\/\/www.eclidea.fr\/?page_id=24#primaryimage"},"image":{"@id":"http:\/\/www.eclidea.fr\/?page_id=24#primaryimage"},"thumbnailUrl":"http:\/\/www.eclidea.fr\/wp-content\/uploads\/2025\/12\/EngSocietal_EmpreinteCarbone2025.png","datePublished":"2025-02-05T17:11:34+00:00","dateModified":"2025-12-18T11:46:48+00:00","description":"Engagement soci\u00e9tal : retrouvez dans cette page nos indicateurs sociaux et environnementaux ainsi que nos politiques de mobilit\u00e9 et sobri\u00e9t\u00e9.","breadcrumb":{"@id":"http:\/\/www.eclidea.fr\/?page_id=24#breadcrumb"},"inLanguage":"fr-FR","potentialAction":[{"@type":"ReadAction","target":["http:\/\/www.eclidea.fr\/?page_id=24"]}]},{"@type":"ImageObject","inLanguage":"fr-FR","@id":"http:\/\/www.eclidea.fr\/?page_id=24#primaryimage","url":"https:\/\/www.eclidea.fr\/wp-content\/uploads\/2025\/12\/EngSocietal_EmpreinteCarbone2025.png","contentUrl":"https:\/\/www.eclidea.fr\/wp-content\/uploads\/2025\/12\/EngSocietal_EmpreinteCarbone2025.png","width":640,"height":640},{"@type":"BreadcrumbList","@id":"http:\/\/www.eclidea.fr\/?page_id=24#breadcrumb","itemListElement":[{"@type":"ListItem","position":1,"name":"Home","item":"http:\/\/www.eclidea.fr\/"},{"@type":"ListItem","position":2,"name":"Engagement soci\u00e9tal"}]},{"@type":"WebSite","@id":"http:\/\/www.eclidea.fr\/#website","url":"http:\/\/www.eclidea.fr\/","name":"Eclidea","description":"Pour faire \u00e9clore les id\u00e9es","publisher":{"@id":"http:\/\/www.eclidea.fr\/#organization"},"potentialAction":[{"@type":"SearchAction","target":{"@type":"EntryPoint","urlTemplate":"http:\/\/www.eclidea.fr\/?s={search_term_string}"},"query-input":{"@type":"PropertyValueSpecification","valueRequired":true,"valueName":"search_term_string"}}],"inLanguage":"fr-FR"},{"@type":"Organization","@id":"http:\/\/www.eclidea.fr\/#organization","name":"Eclidea","url":"http:\/\/www.eclidea.fr\/","logo":{"@type":"ImageObject","inLanguage":"fr-FR","@id":"http:\/\/www.eclidea.fr\/#\/schema\/logo\/image\/","url":"https:\/\/www.eclidea.fr\/wp-content\/uploads\/2025\/02\/LogoEclidea-Web.gif","contentUrl":"https:\/\/www.eclidea.fr\/wp-content\/uploads\/2025\/02\/LogoEclidea-Web.gif","width":654,"height":274,"caption":"Eclidea"},"image":{"@id":"http:\/\/www.eclidea.fr\/#\/schema\/logo\/image\/"}}]}},"_links":{"self":[{"href":"https:\/\/www.eclidea.fr\/index.php?rest_route=\/wp\/v2\/pages\/24","targetHints":{"allow":["GET"]}}],"collection":[{"href":"https:\/\/www.eclidea.fr\/index.php?rest_route=\/wp\/v2\/pages"}],"about":[{"href":"https:\/\/www.eclidea.fr\/index.php?rest_route=\/wp\/v2\/types\/page"}],"author":[{"embeddable":true,"href":"https:\/\/www.eclidea.fr\/index.php?rest_route=\/wp\/v2\/users\/1"}],"replies":[{"embeddable":true,"href":"https:\/\/www.eclidea.fr\/index.php?rest_route=%2Fwp%2Fv2%2Fcomments&post=24"}],"version-history":[{"count":79,"href":"https:\/\/www.eclidea.fr\/index.php?rest_route=\/wp\/v2\/pages\/24\/revisions"}],"predecessor-version":[{"id":926,"href":"https:\/\/www.eclidea.fr\/index.php?rest_route=\/wp\/v2\/pages\/24\/revisions\/926"}],"wp:attachment":[{"href":"https:\/\/www.eclidea.fr\/index.php?rest_route=%2Fwp%2Fv2%2Fmedia&parent=24"}],"curies":[{"name":"wp","href":"https:\/\/api.w.org\/{rel}","templated":true}]}}